- 5224513212?
-5224513212
In base 4, what is -11 - 2010023033?
-2010023110
In base 13, what is 17c + -277c43?
-277a94
In base 11, what is 152469 - -209?
152677
In base 10, what is -5 + 70811937?
70811932
In base 12, what is 109217181 - 0?
109217181
In base 7, what is -236251 + -13163?
-252444
In base 16, what is -1bc404 + -5?
-1bc409
In base 8, what is 171234 + -37?
171175
In base 14, what is -2d - -3a8c0?
3a891
In base 13, what is -a57599 - -2c?
-a5756a
In base 12, what is -116 - -12a306?
12a1b0
In base 12, what is 4 - -284a9209?
284a9211
In base 2, what is 11 - 101011100110101111101?
-101011100110101111010
In base 10, what is 89774 + 1118?
90892
In base 2, what is 1110101001 - 100001110010110?
-11111111101101
In base 14, what is 55c6 + -167?
545d
In base 4, what is 11221 - 21110100?
-21032213
In base 2, what is 10100010100001 + 1011111001001?
100000001101010
In base 3, what is -22 - 222122001120010?
-222122001120102
In base 10, what is 73728126 - -4?
73728130
In base 5, what is -212 - -13332341?
13332124
In base 6, what is -23501 + 25310?
1405
In base 7, what is -241 - 406352?
-406623
In base 7, what is 202134 + 24?
202161
In base 9, what is 3403853 - 114?
3403738
In base 2, what is -100001010100110010111 + 1010?
-100001010100110001101
In base 14, what is 62d5 + -17bb?
4918
In base 16, what is -350f150 - 1?
-350f151
In base 3, what is -2001 + -2110122002202?
-2110122011210
In base 10, what is 6946 + -1254?
5692
In base 8, what is 2 - 164554211?
-164554207
In base 13, what is -1 - 2b93145?
-2b93146
In base 14, what is -2234505 + 4?
-2234501
In base 8, what is 10 + 57113242?
57113252
In base 10, what is -3923991 + 2?
-3923989
In base 7, what is 33300 - -544?
34144
In base 7, what is -56530012 - -2?
-56530010
In base 12, what is -27116b + -5?
-271174
In base 3, what is 2210 - 121201202?
-121121222
In base 5, what is 11100403132 + -201?
11100402431
In base 6, what is 444101 - 501?
443200
In base 3, what is -12212211 + 1010101022?
220111111
In base 12, what is 7a442b9 - 4?
7a442b5
In base 13, what is 0 - -1718161?
1718161
In base 5, what is 42 - -22343012004?
22343012101
In base 9, what is 4 + 272713245?
272713250
In base 13, what is -15 - -2c7998?
2c7983
In base 8, what is 1 + -2016363672?
-2016363671
In base 16, what is 4 - -6dc78f?
6dc793
In base 14, what is -3 - 40b2965?
-40b2968
In base 8, what is 450612020 - 3?
450612015
In base 11, what is 1510025a + -8?
15100252
In base 3, what is 11 - -121220212200210?
121220212200221
In base 9, what is 606145 + -4?
606141
In base 13, what is -4ca876 - -3?
-4ca873
In base 3, what is 11001 + -10101210101122?
-10101210020121
In base 13, what is -44685a + 3a?
-446820
In base 2, what is 1000101101111000100001000010 + -100?
1000101101111000100000111110
In base 9, what is -33274 + 364?
-32810
In base 14, what is -376cbca - -2?
-376cbc8
In base 13, what is -721c - c2?
-7311
In base 14, what is -4085 - -10?
-4075
In base 15, what is -28b12b - -6d?
-28b0ad
In base 3, what is -10020101100 + 2221020?
-10010110010
In base 12, what is -393 - 394b65?
-395338
In base 12, what is 0 + -4886317?
-4886317
In base 6, what is 5 - -344343453?
344343502
In base 14, what is -236b8 + -871?
-24149
In base 15, what is 8bc0834 - 6?
8bc082d
In base 10, what is 1480687 + 7?
1480694
In base 6, what is 104403404 + 4?
104403412
In base 10, what is 5 - -25412?
25417
In base 13, what is -159 - 6557a?
-65706
In base 8, what is 1 + -1254403?
-1254402
In base 4, what is 21 + 1031212121?
1031212202
In base 15, what is 7394268 - -3?
739426b
In base 9, what is 684774 - 8?
684765
In base 7, what is -633045 - -1110?
-631635
In base 3, what is 100220 + 100102111210?
100102212200
In base 3, what is -2222011010021120 + 1?
-2222011010021112
In base 10, what is -3 + -6259725?
-6259728
In base 4, what is 1 + 13031232131313?
13031232131320
In base 14, what is 4953 + -1077?
38ba
In base 2, what is -10 + 11011000100011101010100?
11011000100011101010010
In base 3, what is -111222100100 - 12122?
-111222112222
In base 16, what is -1bc8b2 - 8?
-1bc8ba
In base 16, what is -5 + 6cfaed?
6cfae8
In base 8, what is 460404502 + 4?
460404506
In base 5, what is -3103 - 40233?
-43341
In base 14, what is -557c8 + 629?
-5519d
In base 13, what is 4 - 36601?
-365ca
In base 15, what is 43c2 - 271?
4151
In base 11, what is -1 - -2857371?
2857370
In base 5, what is 11 - 433434303?
-433434242
In base 7, what is -245322502 + 4?
-245322465
In base 12, what is 4a8a2619 - -4?
4a8a2621
In base 15, what is 4 - a07103?
-a070ee
In base 11, what is -2 - 128568067?
-128568069
In base 3, what is 100211202202102 + -112?
100211202201220
In base 13, what is c46 - 7b2?
464
In base 13, what is -120a5 + -43?
-12118
In base 4, what is -30230 - 10120000?
-10210230
In base 9, what is -71223 + -1018?
-72242
In base 3, what is 120 - 2010221212012111?
-2010221212011221
In base 13, what is 575 + -6001c?
-5c777
In base 8, what is 1 + -2044234?
-2044233
In base 9, what is 205 - 5640415?
-5640210
In base 6, what is 4 + 11502554313?
11502554321
In base 14, what is -1 + 26c131?
26c130
In base 16, what is -b9584 + -7?
-b958b
In base 2, what is -110101111111110 + 10101111?
-110101101001111
In base 12, what is -7007159 + -4?
-7007161
In base 5, what is 31241434 + 33?
31242022
In base 9, what is 1340678 - -35?
1340724
In base 13, what is -218 - -4c2b9?
4c0a1
In base 11, what is -1 - -64522257?
64522256
In base 8, what is -122355 - -35?
-122320
In base 9, what is -761 + 245?
-515
In base 13, what is -9825c + -100?
-9835c
In base 11, what is -59547 + 2a3?
-59254
In base 2, what is 10010 - 10101101100110000111000011?
-10101101100110000110110001
In base 2, what is 1100111110111100010 - 101011?
1100111110110110111
In base 3, what is 2121202021 + -1011?
2121201010
In base 5, what is -1100 + 1203222312?
1203221212
In base 15, what is b028 + 31a?
b343
In base 7, what is 25001 - -300654?
325655
In base 8, what is -24753 - 5700?
-32653
In base 11, what is -69633 - 287a?
-71402
In base 5, what is 114302 + 4111?
123413
In base 11, what is 583 + 34968?
35440
In base 2, what is -101100010 - 101010110111110?
-101011100100000
In base 14, what is -1 - 4acda5d?
-4acda60
In base 3, what is 102201200210 - -2?
102201200212
In base 13, what is 2140718 - 4?
2140714
In base 12, what is 467 - 4a9b?
-4634
In base 3, what is -111110121220 - 21121?
-111110220111
In base 16, what is -563 + 1436?
ed3
In base 12, what is -67b5719 - -6?
-67b5713
In base 11, what is -4 - -837305?
837301
In base 5, what is 4303001103 - 113?
4303000440
In base 8, what is 7721245 - -3?
7721250
In base 8, what is 466 - 23733234?
-23732546
In base 10, what is 253730 + 150?
253880
In base 6, what is 223525 - -131?
224100
In base 2, what is 101 + 10010110010100100011011?
10010110010100100100000
In base 11, what is -2a969 - 1499?
-31357
In base 13, what is a61 + cb8?
1a49
In base 2, what is 100001100001100101110 - 1001110?
100001100001011100000
In base 3, what is -1011012221 - -211020?
-1010101201
In base 7, what is 5 + 41533521?
41533526
In base 11, what is 2 - 2a91633?
-2a91631
In base 10, what is 38939836 - 5?
38939831
In base 10, what is 170387 + -343?
170044
In base 8, what is -11 - 376215550?
-376215561
In base 4, what is 221232211 - 223?
221231322
In base 2, what is 1101100101000 - -11110110011100?
101100011000100
In base 7, what is -1055150654 - 2?
-1055150656
In base 8, what is 357320 + -14005?
343313
In base 16, what is -16 - e8a09?
-e8a1f
In base 3, what is -221211121220100 + -1?
-221211121220101
In base 6, what is -2114055 + 52?
-2114003
In base 8, what is 16 - 5210741?
-5210723
In base 12, what is -92b - -87874?
86b45
In base 10, what is -4 - 243159?
-243163
In base 14, what is 3c + -11953?
-11915
In base 15, what is 443a3 - 174?
4422e
In base 7, what is -6664 - -446641?
436644
In base 10, what is 1545 + -49319?
-47774
In base 12, what is 3038 - 12449?
-b411
In base 3, what is 2201212122121010222 + 11?
2201212122121011010
In base 6, what is 1 - -1230131402?
1230131403
In base 15, what is 1 + 79c43b?
79c43c
In base 2, what is -1100111110 + -10101111011?
-100010111001
In base 16, what is ffb + -563f?
-4644
In base 4, what is -1313 + 10033033?
10031120
In base 6, what is -13 - 35253054?
-35253111
In base 11, what is -294a60 + -39?
-294a99
In base 7, w